{"id":91877,"date":"2019-02-20T11:21:08","date_gmt":"2019-02-20T10:21:08","guid":{"rendered":"http:\/\/www.rss-nordheide.de\/rss_web\/?page_id=91877"},"modified":"2024-11-27T11:59:59","modified_gmt":"2024-11-27T10:59:59","slug":"aenderung","status":"publish","type":"page","link":"https:\/\/www.rss-nordheide.de\/rss_web\/aenderung\/","title":{"rendered":"\u00c4nderungsanzeige"},"content":{"rendered":"\n<p>Wir m\u00f6chten Sie bitten, uns schnellstm\u00f6glich mitzuteilen, wenn sich Ihre Adresse, Telefonnummern, Kontoverbindungen oder \u00e4hnliches ge\u00e4ndert haben.<br>Dies k\u00f6nnen Sie hier direkt online erledigen.<br>\u00c4nderungen des Sorgerechts sind dem B\u00fcro mit dem amtlichen Formular zu melden.<\/p>\n\n\n\n<p>Falls Sie ihre Daten nicht per E-Mail \u00fcbermitteln wollen, haben Sie ALTERNATIV die M\u00f6glichkeit&nbsp; das Formular &#8222;\u00c4nderungsanzeige&#8220; auszuf\u00fcllen und im B\u00fcro abzugeben.<\/p>\n\n\n\n<div class=\"wp-block-file\"><a id=\"wp-block-file--media-c6cd1e88-f5ed-4992-ab60-7a0966649c5f\" href=\"https:\/\/www.rss-nordheide.de\/rss_web\/wp-content\/uploads\/2024\/11\/Aenderungsanzeige.pdf\" target=\"_blank\" rel=\"noreferrer noopener\">\u00c4nderungsanzeige<\/a><a href=\"https:\/\/www.rss-nordheide.de\/rss_web\/wp-content\/uploads\/2024\/11\/Aenderungsanzeige.pdf\" class=\"wp-block-file__button wp-element-button\" download aria-describedby=\"wp-block-file--media-c6cd1e88-f5ed-4992-ab60-7a0966649c5f\">Herunterladen<\/a><\/div>\n\n\n\n<div style=\"height:40px\" aria-hidden=\"true\" class=\"wp-block-spacer\"><\/div>\n\n\n<form enctype=\"multipart\/form-data\" class=\"fm-form\" method=\"post\" action=\"https:\/\/www.rss-nordheide.de\/rss_web\/aenderung\/\" name=\"fm-form-2\" id=\"fm-form-2\" autocomplete=\"on\" >\n\n\t\t\n\t\t\t\t\n\t\t<ul>\n\t\t\t\t\t\t<li id=\"fm-item-note-5c6d2cecab236\">\n\t\t\t\t\t\t\t\t\t<table><tr>\n\t\t\t\t\t\t<td style=\"width:200px\"><label><\/label><\/td>\n\t\t\t\t\t\t<td>\u00c4NDERUNGSANZEIGE<\/td>\n\t\t\t\t\t<\/tr><\/table>\n\t\t\t\t\t\t\t<\/li>\n\t\t\t\t\t\t<li id=\"fm-item-text-5c6d1e1d9875e\">\n\t\t\t\t\t\t\t\t\t<table><tr>\n\t\t\t\t\t\t<td style=\"width:200px\"><label>Name des Kindes&nbsp;<em>*<\/em><\/label><\/td>\n\t\t\t\t\t\t<td><input type=\"text\" name=\"text-5c6d1e1d9875e\" id=\"text-5c6d1e1d9875e\" style=\"width:300px;\" maxlength=\"30\" placeholder=\"\" \/><\/td>\n\t\t\t\t\t<\/tr><\/table>\n\t\t\t\t\t\t\t<\/li>\n\t\t\t\t\t\t<li id=\"fm-item-text-5c6d1e69abcfb\">\n\t\t\t\t\t\t\t\t\t<table><tr>\n\t\t\t\t\t\t<td style=\"width:200px\"><label>Klasse\/Lehrkraft&nbsp;<em>*<\/em><\/label><\/td>\n\t\t\t\t\t\t<td><input type=\"text\" name=\"text-5c6d1e69abcfb\" id=\"text-5c6d1e69abcfb\" style=\"width:300px;\" placeholder=\"\" \/><\/td>\n\t\t\t\t\t<\/tr><\/table>\n\t\t\t\t\t\t\t<\/li>\n\t\t\t\t\t\t<li id=\"fm-item-note-5c6d20579ebad\">\n\t\t\t\t\t\t\t\t\t<table><tr>\n\t\t\t\t\t\t<td style=\"width:200px\"><label><\/label><\/td>\n\t\t\t\t\t\t<td>Telefon<\/td>\n\t\t\t\t\t<\/tr><\/table>\n\t\t\t\t\t\t\t<\/li>\n\t\t\t\t\t\t<li id=\"fm-item-text-5c6d1ed68b4c0\">\n\t\t\t\t\t\t\t\t\t<table><tr>\n\t\t\t\t\t\t<td style=\"width:200px\"><label>Folgende (Notfall-)Telefonnummer bitte L\u00d6SCHEN<\/label><\/td>\n\t\t\t\t\t\t<td><input type=\"text\" name=\"text-5c6d1ed68b4c0\" id=\"text-5c6d1ed68b4c0\" style=\"width:300px;\" placeholder=\"\" \/><\/td>\n\t\t\t\t\t<\/tr><\/table>\n\t\t\t\t\t\t\t<\/li>\n\t\t\t\t\t\t<li id=\"fm-item-text-5c6d1f4ec1eec\">\n\t\t\t\t\t\t\t\t\t<table><tr>\n\t\t\t\t\t\t<td style=\"width:200px\"><label>NEUE (Notfall-)Telefonnummer<\/label><\/td>\n\t\t\t\t\t\t<td><input type=\"text\" name=\"text-5c6d1f4ec1eec\" id=\"text-5c6d1f4ec1eec\" style=\"width:300px;\" placeholder=\"\" \/><\/td>\n\t\t\t\t\t<\/tr><\/table>\n\t\t\t\t\t\t\t<\/li>\n\t\t\t\t\t\t<li id=\"fm-item-text-5c6d1fcc83471\">\n\t\t\t\t\t\t\t\t\t<table><tr>\n\t\t\t\t\t\t<td style=\"width:200px\"><label>NEUE Telefonnummer auf der Klassenliste<\/label><\/td>\n\t\t\t\t\t\t<td><input type=\"text\" name=\"text-5c6d1fcc83471\" id=\"text-5c6d1fcc83471\" style=\"width:300px;\" placeholder=\"\" \/><\/td>\n\t\t\t\t\t<\/tr><\/table>\n\t\t\t\t\t\t\t<\/li>\n\t\t\t\t\t\t<li id=\"fm-item-note-5c6d2099540e0\">\n\t\t\t\t\t\t\t\t\t<table><tr>\n\t\t\t\t\t\t<td style=\"width:200px\"><label><\/label><\/td>\n\t\t\t\t\t\t<td>E-Mail<\/td>\n\t\t\t\t\t<\/tr><\/table>\n\t\t\t\t\t\t\t<\/li>\n\t\t\t\t\t\t<li id=\"fm-item-text-5c6d1f6e4bb22\">\n\t\t\t\t\t\t\t\t\t<table><tr>\n\t\t\t\t\t\t<td style=\"width:200px\"><label>Diese E-Mail-Adresse bitte L\u00d6SCHEN<\/label><\/td>\n\t\t\t\t\t\t<td><input type=\"text\" name=\"text-5c6d1f6e4bb22\" id=\"text-5c6d1f6e4bb22\" style=\"width:300px;\" placeholder=\"\" \/><\/td>\n\t\t\t\t\t<\/tr><\/table>\n\t\t\t\t\t\t\t<\/li>\n\t\t\t\t\t\t<li id=\"fm-item-text-5c6d1fb5e1364\">\n\t\t\t\t\t\t\t\t\t<table><tr>\n\t\t\t\t\t\t<td style=\"width:200px\"><label>NEUE E-Mail-Adresse<\/label><\/td>\n\t\t\t\t\t\t<td><input type=\"text\" name=\"text-5c6d1fb5e1364\" id=\"text-5c6d1fb5e1364\" style=\"width:300px;\" placeholder=\"\" \/><\/td>\n\t\t\t\t\t<\/tr><\/table>\n\t\t\t\t\t\t\t<\/li>\n\t\t\t\t\t\t<li id=\"fm-item-note-5c6d20d955a1c\">\n\t\t\t\t\t\t\t\t\t<table><tr>\n\t\t\t\t\t\t<td style=\"width:200px\"><label><\/label><\/td>\n\t\t\t\t\t\t<td>Adress-\/Namens\u00e4nderung<\/td>\n\t\t\t\t\t<\/tr><\/table>\n\t\t\t\t\t\t\t<\/li>\n\t\t\t\t\t\t<li id=\"fm-item-text-5c6d210da16ce\">\n\t\t\t\t\t\t\t\t\t<table><tr>\n\t\t\t\t\t\t<td style=\"width:200px\"><label>Neue Anschrift<\/label><\/td>\n\t\t\t\t\t\t<td><input type=\"text\" name=\"text-5c6d210da16ce\" id=\"text-5c6d210da16ce\" style=\"width:300px;\" placeholder=\"\" \/><\/td>\n\t\t\t\t\t<\/tr><\/table>\n\t\t\t\t\t\t\t<\/li>\n\t\t\t\t\t\t<li id=\"fm-item-text-5c6d273a470c7\">\n\t\t\t\t\t\t\t\t\t<table><tr>\n\t\t\t\t\t\t<td style=\"width:200px\"><label>ab dem<\/label><\/td>\n\t\t\t\t\t\t<td><input type=\"text\" name=\"text-5c6d273a470c7\" id=\"text-5c6d273a470c7\" style=\"width:300px;\" placeholder=\"Datum\" \/><\/td>\n\t\t\t\t\t<\/tr><\/table>\n\t\t\t\t\t\t\t<\/li>\n\t\t\t\t\t\t<li id=\"fm-item-custom_list-5c6d219bae5e0\">\n\t\t\t\t\t\t\t\t\t<table><tr>\n\t\t\t\t\t\t<td style=\"width:200px\"><label>Namens\u00e4nderung<\/label><\/td>\n\t\t\t\t\t\t<td><div class=\"fm-checkbox-list\"><input type=\"checkbox\"  id=\"custom_list-5c6d219bae5e0-0\" name=\"custom_list-5c6d219bae5e0-0\" \/>&nbsp;&nbsp;des Kindes<br><input type=\"checkbox\"  id=\"custom_list-5c6d219bae5e0-1\" name=\"custom_list-5c6d219bae5e0-1\" \/>&nbsp;&nbsp;der Erziehungsberechtigten<\/div><input type=\"hidden\" name=\"custom_list-5c6d219bae5e0\" id=\"custom_list-5c6d219bae5e0\" value=\"2\" \/><input type=\"hidden\" id=\"custom_list-5c6d219bae5e0-list-style\" value=\"checkbox\" \/><input type=\"hidden\" id=\"custom_list-5c6d219bae5e0-count\" value=\"2\" \/><\/td>\n\t\t\t\t\t<\/tr><\/table>\n\t\t\t\t\t\t\t<\/li>\n\t\t\t\t\t\t<li id=\"fm-item-text-5c6d257b407a2\">\n\t\t\t\t\t\t\t\t\t<table><tr>\n\t\t\t\t\t\t<td style=\"width:200px\"><label>NEUER Name<\/label><\/td>\n\t\t\t\t\t\t<td><input type=\"text\" name=\"text-5c6d257b407a2\" id=\"text-5c6d257b407a2\" style=\"width:300px;\" placeholder=\"\" \/><\/td>\n\t\t\t\t\t<\/tr><\/table>\n\t\t\t\t\t\t\t<\/li>\n\t\t\t\t\t\t<li id=\"fm-item-text-5c6d25c3b4bbf\">\n\t\t\t\t\t\t\t\t\t<table><tr>\n\t\t\t\t\t\t<td style=\"width:200px\"><label>ab dem<\/label><\/td>\n\t\t\t\t\t\t<td><input type=\"text\" name=\"text-5c6d25c3b4bbf\" id=\"text-5c6d25c3b4bbf\" style=\"width:300px;\" placeholder=\"Datum\" \/><\/td>\n\t\t\t\t\t<\/tr><\/table>\n\t\t\t\t\t\t\t<\/li>\n\t\t\t\t\t\t<li id=\"fm-item-note-5c6d25ff64c6e\">\n\t\t\t\t\t\t\t\t\t<table><tr>\n\t\t\t\t\t\t<td style=\"width:200px\"><label><\/label><\/td>\n\t\t\t\t\t\t<td>Bankverbindung<\/td>\n\t\t\t\t\t<\/tr><\/table>\n\t\t\t\t\t\t\t<\/li>\n\t\t\t\t\t\t<li id=\"fm-item-kontoinhaber\">\n\t\t\t\t\t\t\t\t\t<table><tr>\n\t\t\t\t\t\t<td style=\"width:200px\"><label>NEUE Bankverbindung<\/label><\/td>\n\t\t\t\t\t\t<td><input type=\"text\" name=\"text-5c6d25585be26\" id=\"text-5c6d25585be26\" style=\"width:300px;\" placeholder=\"Kontoinhaber\" \/><\/td>\n\t\t\t\t\t<\/tr><\/table>\n\t\t\t\t\t\t\t<\/li>\n\t\t\t\t\t\t<li id=\"fm-item-iban\">\n\t\t\t\t\t\t\t\t\t<table><tr>\n\t\t\t\t\t\t<td style=\"width:200px\"><label><\/label><\/td>\n\t\t\t\t\t\t<td><input type=\"text\" name=\"text-5c6d26467a689\" id=\"text-5c6d26467a689\" style=\"width:300px;\" placeholder=\"IBAN\" \/><\/td>\n\t\t\t\t\t<\/tr><\/table>\n\t\t\t\t\t\t\t<\/li>\n\t\t\t\t\t<\/ul>\n\n\t\t<div>\n\t\t <input type=\"submit\" name=\"fm_form_submit\" id=\"fm_form_submit\" class=\"submit\" value=\"Absenden\" onclick=\"return fm_submit_onclick(2)\"  \/>\n\t\t<\/div>\n\n\t\n\t<input type=\"hidden\" name=\"fm_nonce\" id=\"fm_nonce\" value=\"1b92cf56b9\" \/>\n<input type=\"hidden\" name=\"fm_id\" id=\"fm_id\" value=\"2\" \/>\n<input type=\"hidden\" name=\"fm_uniq_id\" id=\"fm_uniq_id\" value=\"fm-69f0b62410e38\" \/>\n<input type=\"hidden\" name=\"fm_parent_post_id\" id=\"fm_parent_post_id\" value=\"91877\" \/>\n<\/form>\n\n","protected":false},"excerpt":{"rendered":"<p>Wir m\u00f6chten Sie bitten, uns schnellstm\u00f6glich mitzuteilen, wenn sich Ihre Adresse, Telefonnummern, Kontoverbindungen oder \u00e4hnliches ge\u00e4ndert haben.Dies k\u00f6nnen Sie hier direkt online erledigen.\u00c4nderungen des Sorgerechts sind dem B\u00fcro mit dem amtlichen Formular zu melden. Falls Sie ihre Daten nicht per E-Mail \u00fcbermitteln wollen, haben Sie ALTERNATIV die M\u00f6glichkeit&nbsp; das Formular &#8222;\u00c4nderungsanzeige&#8220; auszuf\u00fcllen und im B\u00fcro [&hellip;]<\/p>\n","protected":false},"author":5,"featured_media":0,"parent":0,"menu_order":0,"comment_status":"closed","ping_status":"closed","template":"","meta":{"footnotes":"","_links_to":"","_links_to_target":""},"class_list":["post-91877","page","type-page","status-publish","hentry"],"_links":{"self":[{"href":"https:\/\/www.rss-nordheide.de\/rss_web\/wp-json\/wp\/v2\/pages\/91877","targetHints":{"allow":["GET"]}}],"collection":[{"href":"https:\/\/www.rss-nordheide.de\/rss_web\/wp-json\/wp\/v2\/pages"}],"about":[{"href":"https:\/\/www.rss-nordheide.de\/rss_web\/wp-json\/wp\/v2\/types\/page"}],"author":[{"embeddable":true,"href":"https:\/\/www.rss-nordheide.de\/rss_web\/wp-json\/wp\/v2\/users\/5"}],"replies":[{"embeddable":true,"href":"https:\/\/www.rss-nordheide.de\/rss_web\/wp-json\/wp\/v2\/comments?post=91877"}],"version-history":[{"count":16,"href":"https:\/\/www.rss-nordheide.de\/rss_web\/wp-json\/wp\/v2\/pages\/91877\/revisions"}],"predecessor-version":[{"id":96619,"href":"https:\/\/www.rss-nordheide.de\/rss_web\/wp-json\/wp\/v2\/pages\/91877\/revisions\/96619"}],"wp:attachment":[{"href":"https:\/\/www.rss-nordheide.de\/rss_web\/wp-json\/wp\/v2\/media?parent=91877"}],"curies":[{"name":"wp","href":"https:\/\/api.w.org\/{rel}","templated":true}]}}