{"id":2,"date":"2013-05-23T09:39:06","date_gmt":"2013-05-23T07:39:06","guid":{"rendered":"http:\/\/www.rss-nordheide.de\/rss_web\/?page_id=2"},"modified":"2026-04-16T10:54:46","modified_gmt":"2026-04-16T08:54:46","slug":"beispiel-seite","status":"publish","type":"page","link":"https:\/\/www.rss-nordheide.de\/rss_web\/beispiel-seite\/","title":{"rendered":"Impressum"},"content":{"rendered":"\n<p><strong>Adresse<\/strong>:<\/p>\n\n\n\n<div class=\"wp-block-group\"><div class=\"wp-block-group__inner-container is-layout-constrained wp-block-group-is-layout-constrained\">\n<p>Rudolf-Steiner-Schule Nordheide<br>Lange Str. 2, 21255 Kakenstorf<br>Telefon: 04186 89350<br>Fax: 04186 8935 35<br>Internet: <a href=\"http:\/\/www.rss-nordheide.de\">www.rss-nordheide.de<\/a><\/p>\n<\/div><\/div>\n\n\n\n<p>Die Rudolf-Steiner-Schule Nordheide ist eine gem\u00e4\u00df \u00a7123 NSchG genehmigte Ersatzschule des Landes Niedersachsen.<\/p>\n\n\n\n<div class=\"wp-block-group\"><div class=\"wp-block-group__inner-container is-layout-constrained wp-block-group-is-layout-constrained\">\n<p><strong>Rechtstr\u00e4ger der Schule:<\/strong><\/p>\n\n\n\n<p>Verein zur F\u00f6rderung der Waldorfp\u00e4dagogik Nordheide e.V.<br>Lange Str. 2, 21255 Kakenstorf<br>Gesch\u00e4ftsf\u00fchrender Vorstand: Frau C. Meyer, Herr U. Jungmann, Herr M. Bohr<br>Vereinsregister Amtsgericht Tostedt VR 1222<br>Finanzamt Buchholz i. d. N. Steuer-Nr 15\/203\/00708<\/p>\n<\/div><\/div>\n\n\n\n<p><strong>Datenschutzbeauftragter:<\/strong><\/p>\n\n\n\n<p>interev GmbH | Robert-Koch-Stra\u00dfe 55 | 30853 Langenhagen<\/p>\n\n\n\n<div class=\"wp-block-group\"><div class=\"wp-block-group__inner-container is-layout-constrained wp-block-group-is-layout-constrained\">\n<p><strong>Inhaltlich Verantwortliche&nbsp; (V.i.S.d.P.) gem\u00e4\u00df \u00a7 6 MDStV:<\/strong><\/p>\n\n\n\n<p>Martin Bohr, Kerstin Falinski<\/p>\n\n\n\n<p><strong>Konzeption der Website:<\/strong><br>Haltermann &amp; Haltermann, Vicky von Minckwitz<\/p>\n<\/div><\/div>\n\n\n\n<p>Die Rudolf-Steiner-Schule Nordheide \u00fcbernimmt keinerlei Verantwortung f\u00fcr Textinhalte auf Seiten, die Sie durch Verlinkung zu weiteren Seiten erreichen.<\/p>\n\n\n\n<p>Der Verein zur F\u00f6rderung der Waldorfp\u00e4dagogik Nordheide e.V. als Tr\u00e4ger der Rudolf-Steiner-Schule Nordheide ist nicht verpflichtet oder bereit, an Streitbeilegungsverfahren vor einer Verbraucherschlichtungsstelle teilzunehmen. Sie k\u00f6nnen jedoch die Schlichtungsstelle im Bund der Freien Waldorfschulen anrufen, die Sie <a href=\"https:\/\/www.waldorfschule.de\/service\/beratung-kontakt\/beratung-schlichtung\">hier<\/a> finden.<\/p>\n","protected":false},"excerpt":{"rendered":"<p>Adresse: Rudolf-Steiner-Schule NordheideLange Str. 2, 21255 KakenstorfTelefon: 04186 89350Fax: 04186 8935 35Internet: www.rss-nordheide.de Die Rudolf-Steiner-Schule Nordheide ist eine gem\u00e4\u00df \u00a7123 NSchG genehmigte Ersatzschule des Landes Niedersachsen. Rechtstr\u00e4ger der Schule: Verein zur F\u00f6rderung der Waldorfp\u00e4dagogik Nordheide e.V.Lange Str. 2, 21255 KakenstorfGesch\u00e4ftsf\u00fchrender Vorstand: Frau C. Meyer, Herr U. Jungmann, Herr M. BohrVereinsregister Amtsgericht Tostedt VR 1222Finanzamt Buchholz [&hellip;]<\/p>\n","protected":false},"author":90,"featured_media":0,"parent":0,"menu_order":0,"comment_status":"closed","ping_status":"closed","template":"","meta":{"footnotes":"","_links_to":"","_links_to_target":""},"class_list":["post-2","page","type-page","status-publish","hentry"],"_links":{"self":[{"href":"https:\/\/www.rss-nordheide.de\/rss_web\/wp-json\/wp\/v2\/pages\/2","targetHints":{"allow":["GET"]}}],"collection":[{"href":"https:\/\/www.rss-nordheide.de\/rss_web\/wp-json\/wp\/v2\/pages"}],"about":[{"href":"https:\/\/www.rss-nordheide.de\/rss_web\/wp-json\/wp\/v2\/types\/page"}],"author":[{"embeddable":true,"href":"https:\/\/www.rss-nordheide.de\/rss_web\/wp-json\/wp\/v2\/users\/90"}],"replies":[{"embeddable":true,"href":"https:\/\/www.rss-nordheide.de\/rss_web\/wp-json\/wp\/v2\/comments?post=2"}],"version-history":[{"count":17,"href":"https:\/\/www.rss-nordheide.de\/rss_web\/wp-json\/wp\/v2\/pages\/2\/revisions"}],"predecessor-version":[{"id":96878,"href":"https:\/\/www.rss-nordheide.de\/rss_web\/wp-json\/wp\/v2\/pages\/2\/revisions\/96878"}],"wp:attachment":[{"href":"https:\/\/www.rss-nordheide.de\/rss_web\/wp-json\/wp\/v2\/media?parent=2"}],"curies":[{"name":"wp","href":"https:\/\/api.w.org\/{rel}","templated":true}]}}